3)). Let u = -1 + p. Let g(c) = 9*c**3 - 3*c**2 + 2. Is g(u) a prime number?
False
Let j = 144 + 15. Is j a composite number?
True
Suppose -1 = r, 0*s = -4*s + r + 41. Is (s/2)/(1/97) a composite number?
True
Suppose -i - 3*v = 7, i + 0*v - 4*v = 0. Let j be -3 - (i/2 - 3). Suppose a = 2*x - 71, x + 18 = j*x + 3*a. Is x a composite number?
True
Let s(b) = 17*b**2 + 3*b + 2. Suppose 0 = 5*i + v - 5 - 14, 5 = -5*i + 5*v. Let g be s(i). Suppose -3*k = -103 - g. Is k a prime number?
True
Let q(v) = -v**2 - 7*v - 3. Let n be q(-6). Let g = n + 0. Suppose -277 = -g*c - 4*r, 271 = 3*c - 2*r - 0*r. Is c composite?
True
Let r(n) = -205*n**3 - 2*n**2 + n. Let h be r(1). Let k = h - -384. Suppose 4*b - k + 38 = 0. Is b a prime number?
False
Is (-971)/(-1)*(16 + -15) a prime number?
True
Let o(p) = -32*p - 4. Let l be o(-7). Let n = l + 31. Is n a composite number?
False
Suppose 297 = -2*n + 2203. Suppose 3*z = 1150 + n. Is z composite?
False
Suppose 0*w - 5*f - 23 = -w, -7 = w + f. Let b(x) = -75*x - 1. Is b(w) prime?
True
Let i(l) = -3*l**2 - 2*l + 4. Let c be i(3). Let y = -20 - c. Is y prime?
False
Let v(n) = -n - 2. Let q be v(-4). Suppose 2*r - 4*p = -q*r + 132, 6 = 3*p. Is r composite?
True
Is (2 + -1*1345/1)*-1 a composite number?
True
Suppose -27 = -5*k + d, -d + 3 - 15 = -2*k. Suppose 4*m + v - 584 = 0, 836 = 4*m + k*v + 252. Is m a prime number?
False
Let v = 2378 + -755. Is v a prime number?
False
Suppose -2*p = u - 112, 0*p + 248 = 4*p - 4*u. Is p a prime number?
False
Suppose -t - 1246 = -3*t + 4*h, 16 = 4*h. Is t prime?
True
Let b(s) = -37*s - 2. Is b(-7) composite?
False
Is 2/(-5) - 11185/(-25) composite?
True
Let r(v) be the third derivative of -17*v**4/12 - v**3/6 - v**2. Is r(-2) a prime number?
True
Suppose -224 - 1829 = -n. Is n composite?
False
Is -4 - ((-75)/3 + 0) prime?
False
Let l = -626 + 879. Suppose -5*r + 472 = 2*w + 61, 2*w + l = 3*r. Is r prime?
True
Suppose -p - 4 = -0, -4*g + 5*p = -40. Let r = -4 + g. Is 2*-1 + (22 - r) a composite number?
False
Let n(z) = 262*z**2 - z - 13. Is n(-4) prime?
False
Suppose 110 = 3*j - j. Is j composite?
True
Let g = 10 + -8. Suppose -g*t - 3*p = -12, -5*t + 3*p = p + 8. Suppose -3*b + 157 + 110 = t. Is b prime?
True
Suppose 8*h = 3*h - 40. Let d(b) = -b**3 - 7*b**2 + 7*b - 4. Let f be d(h). Suppose -f*u + 2*u + 2*x + 32 = 0, -71 = -5*u + 2*x. Is u composite?
False
Suppose -5*l + 2*t + 1315 = -541, -2 = -t. Let x = l + -217. Suppose 0*i = -5*i + x. Is i a composite number?
False
Is (1 - -37)*(-1025)/(-50) a prime number?
False
Let w(a) = -38*a - 81. Is w(-28) a composite number?
False
Let h be -338 - 0 - -1 - 2. Is h/(-4) + 2/8 prime?
False
Suppose 5*t - 1638 = -4*y, y + 2*t = -0*y + 411. Is y a prime number?
False
Let y = -5 + 0. Is (-2 + (-11)/1)*y a composite number?
True
Let a(u) = -u**2 - u + 5. Let n be a(-4). Let p = -40 - n. Let i = p - -68. Is i a prime number?
False
Let a(b) = -b - b + 2 - 1 + 10*b. Is a(7) a composite number?
True
Suppose 0 = -y + j - 165, j + 13 = 2*y + 341. Let d = 230 + y. Is d prime?
True
Let x be (8/6)/(2/309). Suppose x = k + k. Is k composite?
False
Suppose -2*f + 5*o = 22, -7*f + 4 = -3*f + 2*o. Let g = 4 - f. Suppose g*y + 6*r = 2*r + 65, -4*y + 3*r + 21 = 0. Is y prime?
False
Let k be (-2 + -10)*(-1)/3. Suppose -2*a + 2*g + 415 = 5*g, -a + 205 = k*g. Is a a prime number?
False
Suppose 4*n - t = 2*t + 83, -t = n - 26. Let m be (n/(-3))/(1/(-6)). Let r = m - 27. Is r a composite number?
False
Let c(g) = -4*g**2 - 6*g - 1. Suppose -2*x - 1 = 4*u + 3*x, 2*u - 4*x + 20 = 0. Let k be c(u). Let t = -15 - k. Is t prime?
False
Let g(y) = -6*y**3 - y. Let c be g(-1). Suppose -c*v + 2*v + 295 = 0. Is v prime?
True
Let w be 642/((-21)/12 + 1). Suppose -3*k + 4171 = 322. Let u = w + k. Is u prime?
False
Let u(a) = 4*a**2 - 9*a + 1. Is u(-10) prime?
True
Let y be 3/6 - 21/(-6). Suppose 4*r + 25 = 3*a, -y*a + 9 + 15 = 4*r. Is a a composite number?
False
Let h = 392 + 263. Is h composite?
True
Suppose -2*p + 3 = -21. Suppose 0 = -4*q + 2*h - 156, -q = -2*q - 5*h - 39. Let m = p - q. Is m a prime number?
False
Let n(w) = -24*w + 1. Let s be n(-2). Let l be (-6)/(-21) - 12/(-7). Suppose 0*h - l*h + 5*q = -108, 0 = h - 5*q - s. Is h a composite number?
False
Is 30*(-1 + (-3)/(-2)) a prime number?
False
Let m = -6 + 10. Suppose s = -s + m. Is s + (0 + 19 - 0) a composite number?
True
Let p(i) = 2*i**2 + 7*i + 2. Is p(-15) prime?
True
Suppose -2*f + 25 = -s, -s + 20 = f - 0*f. Let x = f - 68. Let r = -31 - x. Is r a composite number?
True
Suppose 5*g - 4*b - 1 = 44, 3*b = 3*g - 24. Is g prime?
True
Suppose -s = -5*i - 106, -3*s = -2*s - 2*i - 109. Is s a composite number?
True
Let o(q) = 3*q**2 + 7*q + 2. Let m be o(-6). Suppose -4*i + 64 = -m. Is i prime?
False
Let x(t) = -16*t**3 - 4*t**2 + 11*t - 14. Is x(-7) prime?
False
Let h(p) = p + 79. Let u(z) = z - 1. Let w be u(5). Suppose 3*o - 2*r + 8 = -0, -w = -3*o - r. Is h(o) a composite number?
False
Let u(k) = 14*k**2 + 1. Is u(1) composite?
True
Suppose -4*g = 1647 + 1813. Let y = g + 1406. Is y a prime number?
True
Suppose -3*h = 2*c - 15, 30 = 8*h - 3*h + 5*c. Suppose -4*u - 2*d = -2*u - 14, 0 = -u + h*d - 13. Suppose 77 = u*p + 7. Is p prime?
False
Let b(w) = 95*w**2 - 1. Is b(1) a composite number?
True
Let x be -1 + 1/((-2)/(-10)). Let l be (-2)/8 + (-203)/x. Let g = -16 - l. Is g a prime number?
False
Let a = 683 + -352. Is a prime?
True
Let f be -4*2*(-50)/16. Suppose k - o = -10, -4*k + 3*k + 5*o = 6. Let q = k + f. Is q composite?
True
Let l = 9 + -5. Suppose 0*g = -l*g + 20. Suppose -g*v + 18 = -92. Is v composite?
True
Suppose 3*h = j + 235, -145 = -2*h + 2*j + j. Suppose 2*b - 124 = 6*b. Let x = b + h. Is x composite?
True
Is 2905/49 - (-4)/(-14) prime?
True
Let r(n) = 2 - 2 + 10*n**3 - 33*n**3 + n. Is r(-1) prime?
False
Let d be (1 + 1)*(-2)/(-4). Let s(i) = 9*i**2 + 2*i - 1. Is s(d) composite?
True
Let b(g) = -g**2 - 9*g - 9. Let a be b(-9). Let z be (464/10)/(a/(-45)). Is (-3)/9 - z/(-12) a composite number?
False
Is 4/(-6)*3*(-4748)/8 prime?
True
Let p = 89 - -250. Is 6/(-2)*p/(-9) a composite number?
False
Suppose 5*z - 31 = 39. Is z prime?
False
Is (2/(-4))/((-4)/(6592/4)) prime?
False
Suppose 3*f = -0*p - 2*p + 5, -5*f = -4*p - 1. Let w be (-2)/(0 - p)*-16. Is -1 + w/(-2 + 1) a prime number?
True
Let z be (-8 - -3)/(-1) + 0. Is 2/z + (-7596)/(-60) a composite number?
False
Let x = -14 + 8. Is (x - -4)/((-2)/157) prime?
True
Let k be (-19*2)/((-3)/12). Let q = -95 + k. Is q a composite number?
True
Let w(m) = -m**3 + 17*m**2 + 23*m - 12. Is w(17) a composite number?
False
Suppose -3*a + 4*o + 71 = 0, -3*a + o - 2*o = -61. Is a a prime number?
False
Suppose -9*y + 8*y = -67. Is y a prime number?
True
Let x = 317 - 114. Is x a composite number?
True
Suppose -k = -1062 - 844. Is k prime?
False
Let m = 4 - 0. Let g(n) = 33*n**2 - n + 4. Let b(l) = 16*l**2 + 2. Let h(t) = m*g(t) - 7*b(t). Is h(2) a prime number?
False
Suppose -4*b + 7699 = -5*y, -b - 3*b = 4*y - 7744. Is b a composite number?
False
Let z be 21/9 - 2/6. Let k = 6 - z. Is k composite?
True
Let c(j) = -j - 6. Let t be c(-5). Is 131 - -5 - (-2 + t) prime?
True
Suppose -3*f = -6*f + 2*y + 16745, -2*y = 3*f - 16729. Is f prime?
False
Let q be (-1)/(2 - 1) - -51. Suppose g = -5*n + q + 16, 3*n = -5*g + 44. Is n a prime number?
True
Let r(n) = -n**2 - 9*n - 9. Let k be r(-7). Suppose -4*y = -4*w - k - 3, 0 = -5*y - 5*w + 20. Is y composite?
False
Suppose 0 = -2*g + 4*g - 434. Is g a composite number?
True
Let v(z) = 1 + 0 - z + 0*z. Let x be v(-4). Suppose -x = s - 52. Is s prime?
True
Let z(q) = q**2 + 6*q + 4. Let d be z(-6). Suppose -6*y - d*v + 120 = -2*y, -4*y + 122 = 3*v. Let p = 3 + y. Is p a prime number?
False
Let s(v) = -10*v - 5. Let z be s(5). Let p be 2/8 + z/(-20). Suppose 148 = p*x + x. Is x prime?
True
Suppose 22 = 5*q - s - 31, -65 = -5*q + 5*s. Is q composite?
True
Let y be 1*-22*(-80)/32. Suppose o = -0*o + y. Is o composite?
True
Let s = -4 - -6. Suppose s*g = -2*g. Is (g - -5) + (-4)/(-2) composite?
False
Let c be 21*2*(-1 - -3). Suppose -4*d - c + 216 = 0. Is d composite?
True
Let c(x) = x**2 + 8 - 2*x**2 + 2 - 4*x - 5*x. Let s be c(-10). Suppose i - 41 = -h, s = -0*h + 4*h - 5*i - 146. Is h prime?
False
Suppose -753 = -2*